{"id":520,"date":"2025-11-28T10:41:15","date_gmt":"2025-11-28T09:41:15","guid":{"rendered":"https:\/\/eppure.net\/?post_type=product&#038;p=520"},"modified":"2025-11-28T10:44:39","modified_gmt":"2025-11-28T09:44:39","slug":"marisa-manchado-el-agua-y-los-suenos","status":"publish","type":"product","link":"https:\/\/eppure.net\/?product=marisa-manchado-el-agua-y-los-suenos","title":{"rendered":"MARISA MANCHADO- EL AGUA Y LOS SUE\u00d1OS"},"content":{"rendered":"<p>A\u00f1o de composici\u00f3n: 2000<\/p>\n<p>Existe grabaci\u00f3n en CD (no se incluye con las partituras)<\/p>\n<p><img decoding=\"async\" class=\"lg-object lg-image\" src=\"https:\/\/www.marisamanchadotorres.com\/wp-content\/uploads\/2018\/01\/sgae.jpg\" data-index=\"0\" \/><\/p>\n","protected":false},"excerpt":{"rendered":"<p>Ciclo en 6 movimientos para dos pianos:<\/p>\n<p>I. Como gotas de agua<\/p>\n<p>II. Como aguas marinas<\/p>\n<p>III. Como aguas cristalinas<\/p>\n<p>IV. Como mares de agua<\/p>\n<p>V. Como aguas de luna<\/p>\n<p>VI. Como lagos de agua<\/p>\n<p>&nbsp;<\/p>\n","protected":false},"featured_media":521,"comment_status":"open","ping_status":"closed","template":"","meta":{"_monsterinsights_skip_tracking":false,"_monsterinsights_sitenote_active":false,"_monsterinsights_sitenote_note":"","_monsterinsights_sitenote_category":0},"product_brand":[],"product_cat":[53,22],"product_tag":[],"class_list":{"0":"post-520","1":"product","2":"type-product","3":"status-publish","4":"has-post-thumbnail","6":"product_cat-dos-pianos","7":"product_cat-marisa-manchado-torres","9":"first","10":"instock","11":"downloadable","12":"taxable","13":"shipping-taxable","14":"purchasable","15":"product-type-simple"},"aioseo_notices":[],"_links":{"self":[{"href":"https:\/\/eppure.net\/index.php?rest_route=\/wp\/v2\/product\/520","targetHints":{"allow":["GET"]}}],"collection":[{"href":"https:\/\/eppure.net\/index.php?rest_route=\/wp\/v2\/product"}],"about":[{"href":"https:\/\/eppure.net\/index.php?rest_route=\/wp\/v2\/types\/product"}],"replies":[{"embeddable":true,"href":"https:\/\/eppure.net\/index.php?rest_route=%2Fwp%2Fv2%2Fcomments&post=520"}],"wp:featuredmedia":[{"embeddable":true,"href":"https:\/\/eppure.net\/index.php?rest_route=\/wp\/v2\/media\/521"}],"wp:attachment":[{"href":"https:\/\/eppure.net\/index.php?rest_route=%2Fwp%2Fv2%2Fmedia&parent=520"}],"wp:term":[{"taxonomy":"product_brand","embeddable":true,"href":"https:\/\/eppure.net\/index.php?rest_route=%2Fwp%2Fv2%2Fproduct_brand&post=520"},{"taxonomy":"product_cat","embeddable":true,"href":"https:\/\/eppure.net\/index.php?rest_route=%2Fwp%2Fv2%2Fproduct_cat&post=520"},{"taxonomy":"product_tag","embeddable":true,"href":"https:\/\/eppure.net\/index.php?rest_route=%2Fwp%2Fv2%2Fproduct_tag&post=520"}],"curies":[{"name":"wp","href":"https:\/\/api.w.org\/{rel}","templated":true}]}}