{"id":431,"date":"2025-07-31T13:54:10","date_gmt":"2025-07-31T11:54:10","guid":{"rendered":"https:\/\/eppure.net\/?post_type=product&#038;p=431"},"modified":"2025-10-19T08:15:40","modified_gmt":"2025-10-19T06:15:40","slug":"beatriz-arzamendi-homenaje-a-mompou","status":"publish","type":"product","link":"https:\/\/eppure.net\/?product=beatriz-arzamendi-homenaje-a-mompou","title":{"rendered":"BEATRIZ ARZAMENDI- HOMENAJE A MOMPOU"},"content":{"rendered":"<p>Para dos pianos<\/p>\n<p>Duraci\u00f3n: 9&#8242;<\/p>\n<p>A\u00f1o: 2015<\/p>\n","protected":false},"excerpt":{"rendered":"<p>\u00abMompou significa tanto para una compositora que se quiere expresar con el piano !!!!<br \/>\nEste es un homenaje a quien eligi\u00f3 el piano como confidente. Mi gran admiraci\u00f3n por este compositor<br \/>\ncuya m\u00fasica significa esa sencillez de expresi\u00f3n , evasiva , t\u00edmida , esquiva con una expresividad sublime.<br \/>\nSu transparencia resulta desconcertante. M\u00fasica libre de afectaci\u00f3n, muchas veces un retorno a la inocencia infantil. La m\u00fasica de Mompou supone un gran cap\u00edtulo del piano de todos los tiempos, de la m\u00fasica m\u00e1s exquisita y m\u00e1s conmovedora.\u00bb<\/p>\n","protected":false},"featured_media":432,"comment_status":"open","ping_status":"closed","template":"","meta":{"_monsterinsights_skip_tracking":false,"_monsterinsights_sitenote_active":false,"_monsterinsights_sitenote_note":"","_monsterinsights_sitenote_category":0},"product_brand":[],"product_cat":[35,53],"product_tag":[],"class_list":{"0":"post-431","1":"product","2":"type-product","3":"status-publish","4":"has-post-thumbnail","6":"product_cat-beatriz-arzamendi","7":"product_cat-dos-pianos","9":"first","10":"instock","11":"downloadable","12":"taxable","13":"shipping-taxable","14":"purchasable","15":"product-type-simple"},"aioseo_notices":[],"_links":{"self":[{"href":"https:\/\/eppure.net\/index.php?rest_route=\/wp\/v2\/product\/431","targetHints":{"allow":["GET"]}}],"collection":[{"href":"https:\/\/eppure.net\/index.php?rest_route=\/wp\/v2\/product"}],"about":[{"href":"https:\/\/eppure.net\/index.php?rest_route=\/wp\/v2\/types\/product"}],"replies":[{"embeddable":true,"href":"https:\/\/eppure.net\/index.php?rest_route=%2Fwp%2Fv2%2Fcomments&post=431"}],"wp:featuredmedia":[{"embeddable":true,"href":"https:\/\/eppure.net\/index.php?rest_route=\/wp\/v2\/media\/432"}],"wp:attachment":[{"href":"https:\/\/eppure.net\/index.php?rest_route=%2Fwp%2Fv2%2Fmedia&parent=431"}],"wp:term":[{"taxonomy":"product_brand","embeddable":true,"href":"https:\/\/eppure.net\/index.php?rest_route=%2Fwp%2Fv2%2Fproduct_brand&post=431"},{"taxonomy":"product_cat","embeddable":true,"href":"https:\/\/eppure.net\/index.php?rest_route=%2Fwp%2Fv2%2Fproduct_cat&post=431"},{"taxonomy":"product_tag","embeddable":true,"href":"https:\/\/eppure.net\/index.php?rest_route=%2Fwp%2Fv2%2Fproduct_tag&post=431"}],"curies":[{"name":"wp","href":"https:\/\/api.w.org\/{rel}","templated":true}]}}