{"id":424,"date":"2025-07-30T16:33:59","date_gmt":"2025-07-30T14:33:59","guid":{"rendered":"https:\/\/eppure.net\/?post_type=product&#038;p=424"},"modified":"2025-10-19T08:15:58","modified_gmt":"2025-10-19T06:15:58","slug":"beatriz-arzamendi-al-otro-lado-del-sirimiri","status":"publish","type":"product","link":"https:\/\/eppure.net\/?product=beatriz-arzamendi-al-otro-lado-del-sirimiri","title":{"rendered":"BEATRIZ ARZAMENDI- AL OTRO LADO DEL SIRIMIRI"},"content":{"rendered":"<p>Pieza para clave, dedicada y estrenada por la clavecinista Genoveva G\u00e1lvez, uno de los grandes personajes de Espa\u00f1a, pionera de la interpretaci\u00f3n de la m\u00fasica antigua en este pa\u00eds. Su estren\u00f3 fue el 11\/10\/2009 en el Ateneo de Madrid, dentro de un ciclo organizado por la Asociaci\u00f3n de Compositores Sinf\u00f3nicos Espa\u00f1oles.<\/p>\n","protected":false},"excerpt":{"rendered":"<p>\u00abSe trata de una invitaci\u00f3n a la imaginaci\u00f3n sonora a trav\u00e9s de un goteo musical leve y continuo como<br \/>\nsugiere el t\u00e9rmino \u201csirimiri\u201d o \u201cshirimiri\u201d que durante tanto tiempo protagoniz\u00f3 el paisaje t\u00edmbrico y r\u00edtmico<br \/>\nde mi vida en el Pa\u00eds Vasco, donde nac\u00ed. Tras el sirimiri cabe TODO. Un mundo so\u00f1ado, a\u00f1orado<br \/>\n\u2026como lo queramos imaginar. Los versos del poema de Gabriel Celaya \u201cShirimiri\u201d presiden esta partitura, ilustrando el sentimiento de esta m\u00fasica:<br \/>\nLa lluvia llueve<br \/>\nLa lluvia canta<br \/>\nLa lluvia suma<br \/>\nsin fin nostalgias\u2026\u00bb<\/p>\n","protected":false},"featured_media":425,"comment_status":"open","ping_status":"closed","template":"","meta":{"_monsterinsights_skip_tracking":false,"_monsterinsights_sitenote_active":false,"_monsterinsights_sitenote_note":"","_monsterinsights_sitenote_category":0},"product_brand":[],"product_cat":[35,52],"product_tag":[],"class_list":{"0":"post-424","1":"product","2":"type-product","3":"status-publish","4":"has-post-thumbnail","6":"product_cat-beatriz-arzamendi","7":"product_cat-clave","9":"first","10":"instock","11":"downloadable","12":"taxable","13":"shipping-taxable","14":"purchasable","15":"product-type-simple"},"aioseo_notices":[],"_links":{"self":[{"href":"https:\/\/eppure.net\/index.php?rest_route=\/wp\/v2\/product\/424","targetHints":{"allow":["GET"]}}],"collection":[{"href":"https:\/\/eppure.net\/index.php?rest_route=\/wp\/v2\/product"}],"about":[{"href":"https:\/\/eppure.net\/index.php?rest_route=\/wp\/v2\/types\/product"}],"replies":[{"embeddable":true,"href":"https:\/\/eppure.net\/index.php?rest_route=%2Fwp%2Fv2%2Fcomments&post=424"}],"wp:featuredmedia":[{"embeddable":true,"href":"https:\/\/eppure.net\/index.php?rest_route=\/wp\/v2\/media\/425"}],"wp:attachment":[{"href":"https:\/\/eppure.net\/index.php?rest_route=%2Fwp%2Fv2%2Fmedia&parent=424"}],"wp:term":[{"taxonomy":"product_brand","embeddable":true,"href":"https:\/\/eppure.net\/index.php?rest_route=%2Fwp%2Fv2%2Fproduct_brand&post=424"},{"taxonomy":"product_cat","embeddable":true,"href":"https:\/\/eppure.net\/index.php?rest_route=%2Fwp%2Fv2%2Fproduct_cat&post=424"},{"taxonomy":"product_tag","embeddable":true,"href":"https:\/\/eppure.net\/index.php?rest_route=%2Fwp%2Fv2%2Fproduct_tag&post=424"}],"curies":[{"name":"wp","href":"https:\/\/api.w.org\/{rel}","templated":true}]}}

<p>Pieza para clave, dedicada y estrenada por la clavecinista Genoveva Gálvez, uno de los grandes personajes de España, pionera de la interpretación de la música antigua en este país. Su estrenó fue el 11/10/2009 en el Ateneo de Madrid, dentro de un ciclo organizado por la Asociación de Compositores Sinfónicos Españoles.</p>

<p>«Se trata de una invitación a la imaginación sonora a través de un goteo musical leve y continuo como<br />
sugiere el término “sirimiri” o “shirimiri” que durante tanto tiempo protagonizó el paisaje tímbrico y rítmico<br />
de mi vida en el País Vasco, donde nací. Tras el sirimiri cabe TODO. Un mundo soñado, añorado<br />
…como lo queramos imaginar. Los versos del poema de Gabriel Celaya “Shirimiri” presiden esta partitura, ilustrando el sentimiento de esta música:<br />
La lluvia llueve<br />
La lluvia canta<br />
La lluvia suma<br />
sin fin nostalgias…»</p>
