{"id":410,"date":"2025-07-29T21:41:02","date_gmt":"2025-07-29T19:41:02","guid":{"rendered":"https:\/\/eppure.net\/?post_type=product&#038;p=410"},"modified":"2025-07-29T21:41:02","modified_gmt":"2025-07-29T19:41:02","slug":"beatriz-arzamendi-dardara-temblor","status":"publish","type":"product","link":"https:\/\/eppure.net\/?product=beatriz-arzamendi-dardara-temblor","title":{"rendered":"BEATRIZ ARZAMENDI-DARDARA (Temblor)"},"content":{"rendered":"<p>Obra para violoncello solo (2018).<\/p>\n","protected":false},"excerpt":{"rendered":"<p>\u00abDardara\u00bb responde a las diferentes interpretaciones que subjetivamente he hecho sobre la idea del temblor.-miedo,inquietud,horror-emoci\u00f3n-fr\u00edo-temblor de los beb\u00e9s, sentimiento de ternura.<br \/>\nVarias secciones contrastantes, en donde van apareciendo los principales elementos sonoros con los que voy construyendo libremente, el discurso musical.\u00bb<\/p>\n","protected":false},"featured_media":412,"comment_status":"open","ping_status":"closed","template":"","meta":{"_monsterinsights_skip_tracking":false,"_monsterinsights_sitenote_active":false,"_monsterinsights_sitenote_note":"","_monsterinsights_sitenote_category":0},"product_brand":[],"product_cat":[35,49],"product_tag":[],"class_list":{"0":"post-410","1":"product","2":"type-product","3":"status-publish","4":"has-post-thumbnail","6":"product_cat-beatriz-arzamendi","7":"product_cat-cello","9":"first","10":"instock","11":"downloadable","12":"taxable","13":"shipping-taxable","14":"purchasable","15":"product-type-simple"},"aioseo_notices":[],"_links":{"self":[{"href":"https:\/\/eppure.net\/index.php?rest_route=\/wp\/v2\/product\/410","targetHints":{"allow":["GET"]}}],"collection":[{"href":"https:\/\/eppure.net\/index.php?rest_route=\/wp\/v2\/product"}],"about":[{"href":"https:\/\/eppure.net\/index.php?rest_route=\/wp\/v2\/types\/product"}],"replies":[{"embeddable":true,"href":"https:\/\/eppure.net\/index.php?rest_route=%2Fwp%2Fv2%2Fcomments&post=410"}],"wp:featuredmedia":[{"embeddable":true,"href":"https:\/\/eppure.net\/index.php?rest_route=\/wp\/v2\/media\/412"}],"wp:attachment":[{"href":"https:\/\/eppure.net\/index.php?rest_route=%2Fwp%2Fv2%2Fmedia&parent=410"}],"wp:term":[{"taxonomy":"product_brand","embeddable":true,"href":"https:\/\/eppure.net\/index.php?rest_route=%2Fwp%2Fv2%2Fproduct_brand&post=410"},{"taxonomy":"product_cat","embeddable":true,"href":"https:\/\/eppure.net\/index.php?rest_route=%2Fwp%2Fv2%2Fproduct_cat&post=410"},{"taxonomy":"product_tag","embeddable":true,"href":"https:\/\/eppure.net\/index.php?rest_route=%2Fwp%2Fv2%2Fproduct_tag&post=410"}],"curies":[{"name":"wp","href":"https:\/\/api.w.org\/{rel}","templated":true}]}}